 d.
3, 73
Let i be (-8)/(-28) + (-1 - 95/(-35)). Suppose -i*m + 3*j = -971, -6*j - 1001 = -2*m - 9*j. What are the prime factors of m?
17, 29
List the prime factors of 5766*(-12 + (-528)/(-36)).
2, 31
Suppose -38 = -2*i + 44. Let g = -1 + i. List the prime factors of ((-96)/g)/(6/(-20) - 0).
2
Suppose 53*r = 225*r - 1173040. What are the prime factors of r?
2, 5, 11, 31
Suppose 33*q = -18*q + 321555. What are the prime factors of q?
5, 13, 97
Let u(l) = l**2 - 5*l + 15. Let f(z) = -z**2 - 6*z - 15. Let h be f(-9). Let y = h - -46. List the prime factors of u(y).
11
Let z(d) = -3*d**3 - 10*d**2 - 12*d + 10. Let k be z(-10). Suppose 2*n - 77 = 4*l + 973, 2*l = -4*n + k. List the prime factors of n.
3, 59
Suppose 56*a + 1600456 = 138*a + 204*a. List the prime factors of a.
2, 1399
Let r = 2 + -15. Let b be 2/r + 220/(-260). List the prime factors of b/(-4) - (-1340)/16.
2, 3, 7
Suppose 5*i + 30 = 55. Suppose i*v + 4 = 4. What are the prime factors of 178 + 1 + v + -3?
2, 11
Let i be 5 - -224 - 3/6*4. Suppose -i*v - 8 = -231*v. Suppose -v*u - 12*u = -1820. What are the prime factors of u?
2, 5, 13
Let q = -27 - -95. Suppose 0 = 4*h - 2*a - 58, 2*a = 4*h - 2*a - q. Suppose 18*j - 1236 = h*j. List the prime factors of j.
2, 103
Let t be (-11107)/21 - (-76)/(-798). Let q = -273 - t. What are the prime factors of q?
2
Let y = -11419 + 19200. List the prime factors of y.
31, 251
Let d(g) = 3*g - 4. Let w = -84 + 144. Suppose 2*t - w = -2*t. List the prime factors of d(t).
41
Let g be (-186)/18 - -2 - (-1)/3. Let z be (-2 - -6)*22/g + 1. What are the prime factors of (-2546)/z - 30/(-75) - 1?
2, 127
Let g(t) be the first derivative of -4*t**2 - t + 2. Suppose -3*i - 20 = 7*i. What are the prime factors of g(i)?
3, 5
Suppose -5*y + 4*t + 3798 = -24904, -2*t = 2*y - 11470. List the prime factors of y.
2, 19, 151
Let y(b) = -b**2 + 23*b + 10. Let z be y(23). Suppose 15*l = z*l. List the prime factors of (l - -185) + (-7 - -11).
3, 7
Suppose -49*i - 39196 = -50*i - 4*b, 0 = 4*b - 24. List the prime factors of i.
2, 7, 1399
Let g = 96 + -90. Let x(w) = 0 - 5 + g*w**2 - 5*w + 10*w**2 - 2. List the prime factors of x(3).
2, 61
Suppose 9*f - 13*f + 140 = 0. Suppose 630 = -f*x + 44*x. What are the prime factors of x?
2, 5, 7
Let g = -24566 + 38386. What are the prime factors of g?
2, 5, 691
What are the prime factors of 2144 - 0 - (253 + -247)?
2, 1069
Suppose 0 = -34*m - 83*m + 1162044. What are the prime factors of m?
2, 13, 191
Let f be (-18)/((-216)/3468)*1/(-1). Suppose 5*u - 566 = -3231. Let j = f - u. List the prime factors of j.
2, 61
Suppose -5*z = 3*s - 59, -7*z + 52 = -3*z + 4*s. Suppose -26*v + z = -25*v. Suppose -u = 5*m - 685, v*m = 5*m + 4*u + 685. List the prime factors of m.
137
Let t = 48 - 43. Suppose 2*w + 2*a + 0*a = -4, -34 = -3*w + t*a. Suppose 12 + 9 = w*d. List the prime factors of d.
7
Suppose -10 = -53*k + 52*k. Let o(v) = -v**3 + 8*v**2 + 31*v - 91. List the prime factors of o(k).
19
Let r = 220 - 215. Suppose r*x + 132 - 237 = 0. What are the prime factors of x?
3, 7
Let w(a) = -165*a**2 - 6*a + 18. Let b be w(-7). Let m(y) = y**3 - 9*y**2 - 7*y - 24. Let t be m(10). List the prime factors of 4/t + b/(-45).
179
Let q(r) = -r**2 - 15*r + 49. Let b be q(-19). Let n(d) = -d**3 - 28*d**2 - 27*d + 52. What are the prime factors of n(b)?
2, 13
Let z(a) = 45*a**3 + 807*a**2 - 15*a - 57. List the prime factors of z(-12).
3, 13, 23, 43
Let s = -194 - -208. Suppose -2239 - 8443 = -s*h. What are the prime factors of h?
7, 109
Let n(l) = 40*l - 2. Let u be n(13). Let k = u + -345. Suppose k + 359 = 7*c. What are the prime factors of c?
2, 19
List the prime factors of 48/72 - 437210/(-15).
2, 3, 7, 347
Let o(y) = -156*y + 317. Suppose z + 4 = 0, -4*x + 7 = -z + 27. What are the prime factors of o(x)?
7, 179
Let j = -2718 - -12242. What are the prime factors of j?
2, 2381
Let k(i) = 5*i**3 + 6 - 2*i**3 - 3*i - 9*i**2 + 7*i**2 + 3*i**3. List the prime factors of k(5).
691
Suppose -4*i = i - c + 24, c - 4 = 0. Let g be (486/(-8))/((-1)/i). Let v = -154 - g. What are the prime factors of v?
89
Suppose 0 = 4*c + 9*c - 156. Let f be 254*-1 + (-5 + c)/(-7). Let t = f + 380. What are the prime factors of t?
5
Let z(c) = -c**3 - 26*c**2 + 23*c - 136. Let y be z(-27). Let d(p) = -12*p + 3. Let j be d(-5). Let f = j + y. What are the prime factors of f?
5, 7
Let j(c) = 1249*c + 4842. List the prime factors of j(18).
2, 3, 11, 23
Suppose -4*j = 5*k - 31227, 4*j + 33*k - 30*k = 31221. List the prime factors of j.
3, 17
Let x(i) = 2*i**2 - 31*i + 18. Suppose -n = 4*b - 84, -2*b + 54 = b + 3*n. List the prime factors of x(b).
2, 19
Suppose v - 7 = 4*x, 4*x - 7 = -3*v + 9*x. Let c(t) = 7*t**2 - t - 2. Let y be c(v). Suppose 115 = -y*q + 343. What are the prime factors of q?
2, 19
Suppose -55*q = -110*q + 56*q - 14323. What are the prime factors of q?
14323
Let q(n) = 261*n + 2. Let k(x) = x**3 - 30*x**2 + 31*x - 20. Let d be k(29). Suppose d = -4*h + 42. What are the prime factors of q(h)?
263
Let v = -241 + -1333. Let i = -837 - v. List the prime factors of i.
11, 67
Let y(l) = 178*l - 64. Let r(n) = 3*n. Let f(p) = 2*r(p) + y(p). What are the prime factors of f(5)?
2, 107
Suppose -x - 2*h = -6093, 10*x + 4*h = 5*x + 30471. What are the prime factors of x?
5, 23, 53
Let t be -8*2/8*2173/2. Let f = -1028 - t. List the prime factors of f.
5, 229
List the prime factors of (1/(-2))/(108/(-1023192)).
3, 1579
Let c(r) = 5*r**3 - 369*r**2 + 6*r - 119. What are the prime factors of c(74)?
5801
Suppose -10 = -5*q, 0 = 4*v + 5*q - 57043 + 13457. What are the prime factors of v?
2, 13, 419
Suppose -3*w + 4*w + 1 = 0. Let s(i) be the third derivative of 9*i**5/10 - i**4/24 - i**3/3 + 11*i**2 - 2*i. What are the prime factors of s(w)?
53
Suppose 0 = -r + 82 + 145. Suppose 5*u + 21*v - 20*v = -675, -4*v - 422 = 3*u. Let s = u + r. What are the prime factors of s?
3, 31
Suppose -13*v = 2*p - 10*v - 1151, 2*p = -2*v + 1150. Let i = p + -530. List the prime factors of i.
2, 11
Let t(x) = 2*x**3 + 191*x**2 + 281*x - 75. Let z be t(-94). Let s = -11 - -17. Suppose 905 = s*m - z. List the prime factors of m.
2, 7, 11
Let w be (-1)/(-4)*-2*70. Let v = w - -36. List the prime factors of (3/2 - 0)*(65 + v).
3, 11
Let w = 10655 + -5154. List the prime factors of w.
5501
Let n = -29 + 29. Suppose -4*g - g + 2340 = n. What are the prime factors of g?
2, 3, 13
Suppose 14*r - 9*r - 18270 = 3*i, 2*i + 7312 = 2*r. What are the prime factors of r?
3, 1217
Let q = -76 - -86. Let m be 4/q + ((-796)/(-10) - -1). Let r = m + 81. List the prime factors of r.
2, 3
Suppose -46 = 2*a - 60. Suppose 9*w - a*w = 10. Suppose -249 = -2*h - w*c, -7*h = -3*h - 4*c - 568. List the prime factors of h.
137
What are the prime factors of (-12 - 4) + 15678 - (-18)/(-2)?
11, 1423
Suppose -10125 - 1346700 + 64940 = -49*y. What are the prime factors of y?
5, 5273
Let q(i) = 23*i**2 + 6*i - 1. Let d be q(5). Let u = d + -207. List the prime factors of u.
397
Suppose 4*k - b - 2 - 9 = 0, -2*b - 8 = -k. Let h be 0*((-40)/50 + k/(-10)). Suppose h = -0*p + 11*p - 880. List the prime factors of p.
2, 5
List the prime factors of -2 + 21/9 - ((-72989)/3 - 5).
5, 31, 157
Let f(n) = -52*n**3 - 2*n**2 - 2*n - 4. Let g be f(-2). Let b = 595 - g. List the prime factors of b.
11, 17
Let x(c) = 1467*c - 39. What are the prime factors of x(7)?
2, 3, 5, 11, 31
Let j(z) = -z**3 + 11*z**2 - 7*z - 32. Let d be j(10). Let s(q) = -3*q - 5. Let p be s(d). What are the prime factors of (p*157/5)/(1/5)?
157
Let p = 57 - 59. What are the prime factors of (1324/4)/(3 + p)?
331
Let j = 4473 + -1305. List the prime factors of j.
2, 3, 11
Let r be 1088 + (12/1 - 6). Let m = r - 579. What are the prime factors of m?
5, 103
Let c(j) = 2*j - 1. Let d be c(5). Suppose -d*y + 2 = -8*y. Suppose -p - 5*v - 111 = -327, -y*v - 384 = -2*p. List the prime factors of p.
2, 7
Let f(s) = s**3 + 16*s**2 + 13*s - 7. Let m be f(-15). Suppose 0 = m*p + 540 - 2265. What are the prime factors of p?
3, 5
Let m(t) = t**2 + 13*t - 41. Let v be m(-16). Suppose 0 = 2*h + v*a - 10*a - 209, -378 = -4*h - 2*a. What are the prime factors of h?
97
Suppose -48*u + 7630 = -17*u - 180695. What are the prime factors of u?
3, 5
What are the prime factors of (-4 - -1) + (-6 